**2 + u. Let z(g) = g**3 + 7*g**2 - 1. Let j(s) = -2*d(s) + 3*z(s). What is j(a)?
5
Let n(t) = 3*t - 482*t**2 - 1002 + 1017 + 480*t**2. Calculate n(0).
15
Let v(d) = 3*d**3 - 399172*d + d**3 - 3*d**3 + 199583*d + 6 + 199586*d - 10*d**2. Let k be (-2)/6 + 31/3. Determine v(k).
-24
Let t = -33 + 36. Let d be (-52)/(-8) + t/6. Let f = d + -2. Let x(a) = 2*a - 1. What is x(f)?
9
Suppose -2*w + y = 5, -3*y + 885 = w + 912. Let z(b) = 2*b**2 + 17*b + 3. Calculate z(w).
-27
Let k(t) = -48*t + 175. Let i(h) = 43*h - 148. Let r(y) = -7*i(y) - 6*k(y). Determine r(12).
-170
Suppose -8*b = -831 + 791. Let o(w) = 6*w**3 + 12*w**2 - 11*w. Let z(k) = -4*k**3 - 8*k**2 + 7*k. Let d(g) = b*o(g) + 8*z(g). Give d(-3).
15
Let a(n) = 1 - 4 + 2 - 4*n. Let j be ((-7)/(-28))/((-5)/(-20)) - 2. Determine a(j).
3
Let i(a) = -a**3 + 26*a**2 + 6*a - 151. Suppose -2*c + 57 = -5*y, -179*c - 3*y - 55 = -181*c. What is i(c)?
5
Suppose -4*v + 8 + 36 = 0. Let d(y) = -v*y + 3*y + 1 + 18*y. What is d(2)?
21
Let i(l) = l - 7. Let n(q) = 3*q + 6. Let s(x) = 5*x + 8. Let w(a) = -3*n(a) + 2*s(a). Let h(c) = -i(c) + 3*w(c). Let b = 2 - 1. Calculate h(b).
3
Let k(g) = -g + 38. Suppose 84*s = 79*s - d + 118, -4*d = 28. Calculate k(s).
13
Let r be 29 + 21 + (-495)/11. Suppose -5*v = -3*x - 1, 5*x + 0*x + 5*v = 25. Let q(i) = -3*i + x*i + i. Calculate q(r).
5
Suppose 0 = 43*l - 8*l - 140. Suppose -s - l*s = 5*i + 35, 15 = -5*i - s. Let a(x) = -1 + x**3 - x + 1 - x**2. What is a(i)?
-10
Let t(h) = 64*h + 573. Let i = -3 - 6. What is t(i)?
-3
Let i(q) = -2*q**3 - 5*q**2 - 2*q - 1. Let n(y) = 2*y**3 + 7*y**2 + 7*y + 12. Let h(b) = -2*i(b) - n(b). What is h(-3)?
-28
Let u(d) be the second derivative of -1/20*d**5 + 7*d + 7/6*d**3 + 7/12*d**4 + 5/2*d**2 + 0. Determine u(8).
-3
Suppose 4*k - 9*v = -7*v - 22, -3*k - v = 4. Let w(a) = 2*a**2 + 7*a - 1. Determine w(k).
-4
Let i(h) = h**3 - 8*h**2 + 8. Let c be 0/(-4) - 0 - 1. Let b(y) = -y**2 - 3*y - 9. Let x(z) = -z**3 + 1. Let l(s) = c*b(s) - x(s). Let w be l(0). Give i(w).
8
Let h(w) be the first derivative of -w**3/3 + 11*w**2 + 51*w - 943. Calculate h(24).
3
Let m be 15*36/(-27) + 12. Let a(g) = 18*g + 145. Calculate a(m).
1
Suppose -40 = 5*s, 3*w - 5*s - 130 = -84. Let l(b) be the first derivative of -1/3*b**3 - 27 + b - b**w. Determine l(-2).
1
Let f(m) be the third derivative of m**5/60 - 23*m**4/24 + m**3/3 + 7*m**2. Let a be f(23). Suppose -a + 1 = l. Let h(r) = 2*r**2. What is h(l)?
2
Suppose 0 = 8*x - 4*x + 16, -64 = 4*f + 5*x. Let l(a) = 5*a**2 + 56*a + 4. Give l(f).
-7
Let x(j) = 13*j - 76. Let n(o) = -26*o + 122. Let y(s) = -4*n(s) - 7*x(s). What is y(-8)?
-60
Suppose r + 3 = 0, 3*r = -4*t + 4*r + 15. Suppose -4*z - 2*n = -14, -t - 8 = -3*z - 2*n. Let w(k) = z*k**2 - 4*k**2 - k**2 - 2*k. Determine w(-3).
-12
Let n(v) be the first derivative of v**4/4 - 8*v**3/3 - 3*v**2/2 + 21*v + 64. Let x be n(8). Let m(s) = s**2 + 3*s - 1. Give m(x).
-1
Let y = 6 - 7. Let a be -3 - -2 - -6 - y. Let f(z) be the third derivative of z**6/120 - z**5/10 - z**4/24 + 2*z**3/3 - 6*z**2. Determine f(a).
-2
Let v(d) be the third derivative of -1/24*d**4 + 0*d + 0 - 26*d**2 + 0*d**3. Determine v(4).
-4
Suppose 293*p - 295*p - 2 = 5*u, 5*p - 3*u = 57. Let g(t) = 6*t - 56. Calculate g(p).
-2
Let k = -4765 + 4775. Let r(n) be the second derivative of 1/6*n**3 - k*n + 0 - 5/2*n**2. What is r(4)?
-1
Let f be 0 + 7/7 + (2 - 0). Suppose -7*u + 8 = -f*u. Let w(h) = 5 - 12*h**2 - 3 - u. Calculate w(1).
-12
Let k = 38349 - 38344. Let f(c) = -c**2 + 8*c - 14. Let q(h) = -h**2 + 8*h - 13. Let b(w) = 5*f(w) - 6*q(w). Give b(k).
-7
Let b(r) be the third derivative of -r**5/60 + 5*r**4/8 - r**3 + 55*r**2 + 29. Determine b(14).
8
Suppose -4*r - 7 = -4*t - 3, -3*t - 3*r = -9. Let k(h) = -4*h - h - 372 + 369 + h**t + 0*h. Calculate k(4).
-7
Let o = -59 + 49. Let r(b) be the first derivative of b**3/3 + 11*b**2/2 + 13*b - 211. Give r(o).
3
Let p(f) = f**3 + 8*f**2 - 13*f - 12. Let b be (-44)/(-330) + (-274)/30 + 0. What is p(b)?
24
Suppose -123*l + 86 + 216 = 1778. Let y(b) = 2*b**2 + 19*b - 34. Calculate y(l).
26
Let h(j) = 2*j**2 - 238*j - 1251. Let v be h(124). Let z(u) = -2*u**2 - 26*u - 26. Calculate z(v).
18
Let t(r) be the first derivative of -1/3*r**3 + 6*r + 38 + 5*r**2. Give t(10).
6
Suppose 2*d - 2*h = -6*h + 4, 4 = 2*d - 5*h. Suppose -8 = d*t, -2*q - 3*q + t - 21 = 0. Let v(f) = f - 7. What is v(q)?
-12
Let j(t) = -196*t - 52. Let b(a) = 124*a + 35. Let s(r) = -11*b(r) - 7*j(r). Calculate s(3).
3
Suppose 0 = 30*w - 33*w + 42. Suppose -7*k = -0 - w. Let b(a) = -2*a + 3. Give b(k).
-1
Let q = 171 + -167. Let r = 2 + q. Let b(j) = 4*j - 7. Calculate b(r).
17
Let i(a) be the third derivative of a**4/6 + 13*a**3/6 + 4*a**2. Suppose -o = 4*c + 18, 1125 - 1117 = -4*c + 4*o. Determine i(c).
-3
Let p(q) be the third derivative of q**8/10080 - q**7/5040 - q**6/720 + 13*q**5/60 - 19*q**2. Let s(u) be the third derivative of p(u). Calculate s(4).
27
Let i be 7/(-98)*2*12*(-28)/(-8). Let k(x) = -16*x - 17. Determine k(i).
79
Let v(f) = 3*f**2 + 2*f + 2. Let q(p) = -2*p. Let n = -4 - -16. Let k be n/15 - 5/(-25). Let c be q(k). What is v(c)?
10
Let m(b) be the second derivative of -b**5/10 + b**4/3 + b**3/6 + 5*b**2/2 + 146*b + 10. Give m(4).
-55
Let u(r) = -r**3 - 17*r**2 - 44*r - 32. Suppose 181*t - 86*t + 140 = 85*t. What is u(t)?
-4
Let q(m) = 2*m**3 - 11*m**2 + 3*m + 41. Let g(v) = -7*v**3 + 34*v**2 - 11*v - 127. Let o(y) = -3*g(y) - 10*q(y). What is o(-6)?
25
Let w = -203 + 443. Let o be (6/(w/70))/(2/8). Let d(j) = j**2 - 13*j - 14. Let f(k) = -k**2 + 12*k + 13. Let y(b) = -5*d(b) - 6*f(b). What is y(o)?
-8
Suppose 104 = -l - 4*r + 294, l - 186 = -5*r. Let f(c) = 0*c - 95 + l - 106 + 3*c. Give f(-4).
-7
Suppose -279*k = -286*k - 35. Let v(q) = -q**2 - 6*q - 11. Determine v(k).
-6
Let h be 336/36 - 3 - 4. Let s(l) be the first derivative of l**2 + 8 + h*l**3 + l. Give s(-1).
6
Suppose 2*p - 1 = a, 83 = p + 2*a + 75. Let o(j) = -j**3 - 6*j**2 - 3. Let d be o(-7). Let x(f) = 42*f + 1 - d*f - p. Give x(2).
-9
Let i be 24/9 + 2/(-3). Let n(q) be the second derivative of -3*q**5/20 + q**4/12 + q**3/2 - q**2/2 + 30953*q. Determine n(i).
-15
Let u(h) = 7*h + 82. Let x be u(-11). Let p(y) = -4*y - 2*y + 0*y - x + 8*y. Calculate p(6).
7
Let r(j) = -j**2 - 5*j + 24. Let q be -2 - (11/(66/(-72)) - (-52)/13). What is r(q)?
-42
Let i(x) = x**3 + 5*x**2 + 21*x + 68. Let m be i(-4). Let o(g) = -g**3 + g**2 + 2*g + 1. Calculate o(m).
1
Let l = -3707 + 3707. Let c(u) be the third derivative of -5/3*u**3 + l*u + 1/24*u**4 + 0 + 10*u**2. Give c(9).
-1
Let p(w) be the second derivative of w**4/12 - 17*w**3/6 + 103*w**2/2 + 4851*w. Determine p(12).
43
Suppose -4*q = 5*u - 0*u - 74, -50 = -2*q + 4*u. Let y(z) = -6*z - 30 - 20*z**2 + q*z**2 + 36. Suppose d - 5*d = -20. What is y(d)?
1
Let g(a) be the third derivative of -a**6/120 + 7*a**5/30 + a**3/6 + 76621*a**2 - 2*a. Let s = 10 - -4. Determine g(s).
1
Let j(l) = l**3 - 54*l**2 + 200*l - 6. Let v be j(50). Let x(s) = -12*s - 13. Determine x(v).
59
Let u = -97 + 101. Let w be ((-33)/9 - u) + (-20)/(-12). Let x(p) = -p**3 - 6*p**2 - p - 6. Give x(w).
0
Let w(n) = 392*n + 3528. Let s be w(-9). Let m(a) be the third derivative of -1/24*a**4 + 11*a**2 + s*a + 0 - a**3. Determine m(-11).
5
Let v(z) = z**3 - 12*z**2 + 11*z + 14. Suppose 1 = 4*o - 5*k - 58, -o + 3*k + 20 = 0. Calculate v(o).
14
Let k(x) = 7*x**2 + 7*x - 2. Let q(z) = 4*z**2 + 4*z - 1. Let f(v) = -3*k(v) + 5*q(v). Let y be (20889/165)/(1/10). Let n = -1264 + y. Calculate f(n).
-5
Suppose 5*d - 3*y - 1 = -2, -5*y = 2*d - 12. Let u(i) = -d - 2 - 3 + 2 + 4*i. Suppose -4*c - 3*t = -24, -t - t + 8 = 0. Give u(c).
8
Let x(u) = -2*u + 26. Let k be x(12). Let i(f) = 3*f**2 + k - 9*f + 6*f - 2*f**2. Let z = -480 - -483. Give i(z).
2
Let b(m) = -48*m - 159. Let g(z) = -35*z - 106. Let n(i) = -5*b(i) + 7*g(i). Give n(8).
13
Let d(p) = p**3 + 6*p**2 + 7*p + 7. Let y(s) = -s**3 + 4*s**2 - 2*s - 3. Let u be y(3). Let m be u + 11/(22/(-60)). Let i be m/24*4/6*6. Give d(i).
-3
Let l(j) be the second derivative of 13*j**3/3 + 43*j**2/2 - 6198*j. Give l(-2).
-9
Let l(v) be the second derivative of v**5/20 + 5*v**4/4 - 5*v**3/2 + 15*v**2/2 - 196*v + 2. Determine l(-16).
-1
Let a be 7/35 - (-48)/10. 